{"id":47,"date":"2019-10-07T13:20:54","date_gmt":"2019-10-07T13:20:54","guid":{"rendered":"https:\/\/antesdelaarroba.com.ar\/?page_id=47"},"modified":"2019-10-07T13:52:59","modified_gmt":"2019-10-07T13:52:59","slug":"feria-del-libro-2019","status":"publish","type":"page","link":"https:\/\/antesdelaarroba.com.ar\/?page_id=47","title":{"rendered":"FERIA DEL LIBRO 2019"},"content":{"rendered":"\n<figure class=\"wp-block-embed-youtube wp-block-embed is-type-video is-provider-youtube wp-embed-aspect-16-9 wp-has-aspect-ratio\"><div class=\"wp-block-embed__wrapper\">\n<iframe loading=\"lazy\"  style=\"display: block; margin: 0px auto;\"  id=\"_ytid_67159\"  width=\"480\" height=\"270\"  data-origwidth=\"480\" data-origheight=\"270\"  data-relstop=\"1\" src=\"https:\/\/www.youtube.com\/embed\/OudQSvRvwOE?enablejsapi=1&#038;list=PLrFdmal3QBuiS44AYc41U4KFmDnVxsFVY&#038;autoplay=0&#038;cc_load_policy=0&#038;cc_lang_pref=es&#038;iv_load_policy=1&#038;loop=0&#038;rel=0&#038;fs=1&#038;playsinline=0&#038;autohide=2&#038;theme=dark&#038;color=red&#038;controls=1&#038;disablekb=0&#038;\" class=\"__youtube_prefs__  epyt-is-override  no-lazyload\" title=\"YouTube player\"  allow=\"fullscreen; accelerometer; autoplay; clipboard-write; encrypted-media; gyroscope; picture-in-picture; web-share\" referrerpolicy=\"strict-origin-when-cross-origin\" allowfullscreen data-no-lazy=\"1\" data-skipgform_ajax_framebjll=\"\"><\/iframe>\n<\/div><figcaption>Juan Carlos Manoukian, editor del libro a trav\u00e9s de CICCUS, inicia la presentaci\u00f3n en la Feria del libro de Buenos Aires 2019<\/figcaption><\/figure>\n\n\n\n<figure class=\"wp-block-embed-youtube wp-block-embed is-type-video is-provider-youtube wp-embed-aspect-16-9 wp-has-aspect-ratio\"><div class=\"wp-block-embed__wrapper\">\n<iframe loading=\"lazy\"  style=\"display: block; margin: 0px auto;\"  id=\"_ytid_98877\"  width=\"480\" height=\"270\"  data-origwidth=\"480\" data-origheight=\"270\"  data-relstop=\"1\" src=\"https:\/\/www.youtube.com\/embed\/c5r-6YmqMhA?enablejsapi=1&#038;list=PLrFdmal3QBuiS44AYc41U4KFmDnVxsFVY&#038;autoplay=0&#038;cc_load_policy=0&#038;cc_lang_pref=es&#038;iv_load_policy=1&#038;loop=0&#038;rel=0&#038;fs=1&#038;playsinline=0&#038;autohide=2&#038;theme=dark&#038;color=red&#038;controls=1&#038;disablekb=0&#038;\" class=\"__youtube_prefs__  epyt-is-override  no-lazyload\" title=\"YouTube player\"  allow=\"fullscreen; accelerometer; autoplay; clipboard-write; encrypted-media; gyroscope; picture-in-picture; web-share\" referrerpolicy=\"strict-origin-when-cross-origin\" allowfullscreen data-no-lazy=\"1\" data-skipgform_ajax_framebjll=\"\"><\/iframe>\n<\/div><figcaption>El escritor de ciencia ficci\u00f3n David Zadunaisky brinda su opini\u00f3n sobre el libro y su autor.<\/figcaption><\/figure>\n\n\n\n<figure class=\"wp-block-embed-youtube wp-block-embed is-type-video is-provider-youtube wp-embed-aspect-16-9 wp-has-aspect-ratio\"><div class=\"wp-block-embed__wrapper\">\n<iframe loading=\"lazy\"  style=\"display: block; margin: 0px auto;\"  id=\"_ytid_37988\"  width=\"480\" height=\"270\"  data-origwidth=\"480\" data-origheight=\"270\"  data-relstop=\"1\" src=\"https:\/\/www.youtube.com\/embed\/9TWfV2YjVI0?enablejsapi=1&#038;list=PLrFdmal3QBuiS44AYc41U4KFmDnVxsFVY&#038;autoplay=0&#038;cc_load_policy=0&#038;cc_lang_pref=es&#038;iv_load_policy=1&#038;loop=0&#038;rel=0&#038;fs=1&#038;playsinline=0&#038;autohide=2&#038;theme=dark&#038;color=red&#038;controls=1&#038;disablekb=0&#038;\" class=\"__youtube_prefs__  epyt-is-override  no-lazyload\" title=\"YouTube player\"  allow=\"fullscreen; accelerometer; autoplay; clipboard-write; encrypted-media; gyroscope; picture-in-picture; web-share\" referrerpolicy=\"strict-origin-when-cross-origin\" allowfullscreen data-no-lazy=\"1\" data-skipgform_ajax_framebjll=\"\"><\/iframe>\n<\/div><figcaption>El cient\u00edfico argentino Fernando Stefani suma algunos aspectos del contenido del libro a su visi\u00f3n sobre el futuro de la ciencia y la tecnolog\u00eda en la Argentina.<\/figcaption><\/figure>\n\n\n\n<figure class=\"wp-block-embed-youtube wp-block-embed is-type-video is-provider-youtube wp-embed-aspect-16-9 wp-has-aspect-ratio\"><div class=\"wp-block-embed__wrapper\">\n<iframe loading=\"lazy\"  style=\"display: block; margin: 0px auto;\"  id=\"_ytid_96580\"  width=\"480\" height=\"270\"  data-origwidth=\"480\" data-origheight=\"270\"  data-relstop=\"1\" src=\"https:\/\/www.youtube.com\/embed\/r4bzvh2jtCQ?enablejsapi=1&#038;list=PLrFdmal3QBuiS44AYc41U4KFmDnVxsFVY&#038;autoplay=0&#038;cc_load_policy=0&#038;cc_lang_pref=es&#038;iv_load_policy=1&#038;loop=0&#038;rel=0&#038;fs=1&#038;playsinline=0&#038;autohide=2&#038;theme=dark&#038;color=red&#038;controls=1&#038;disablekb=0&#038;\" class=\"__youtube_prefs__  epyt-is-override  no-lazyload\" title=\"YouTube player\"  allow=\"fullscreen; accelerometer; autoplay; clipboard-write; encrypted-media; gyroscope; picture-in-picture; web-share\" referrerpolicy=\"strict-origin-when-cross-origin\" allowfullscreen data-no-lazy=\"1\" data-skipgform_ajax_framebjll=\"\"><\/iframe>\n<\/div><figcaption>Finalmente, el autor de Antes de la Arroba Jorge Zaccagnini expone su visi\u00f3n sobre el futuro de la inform\u00e1tica argentina y explica los principios rectores de la categor\u00eda conceptual denominada \u00abTecnolog\u00eda Conveniente\u00bb.<\/figcaption><\/figure>\n\n\n\n<p><\/p>\n","protected":false},"excerpt":{"rendered":"","protected":false},"author":1,"featured_media":0,"parent":57,"menu_order":0,"comment_status":"closed","ping_status":"closed","template":"","meta":{"footnotes":""},"class_list":["post-47","page","type-page","status-publish","hentry"],"_links":{"self":[{"href":"https:\/\/antesdelaarroba.com.ar\/index.php?rest_route=\/wp\/v2\/pages\/47","targetHints":{"allow":["GET"]}}],"collection":[{"href":"https:\/\/antesdelaarroba.com.ar\/index.php?rest_route=\/wp\/v2\/pages"}],"about":[{"href":"https:\/\/antesdelaarroba.com.ar\/index.php?rest_route=\/wp\/v2\/types\/page"}],"author":[{"embeddable":true,"href":"https:\/\/antesdelaarroba.com.ar\/index.php?rest_route=\/wp\/v2\/users\/1"}],"replies":[{"embeddable":true,"href":"https:\/\/antesdelaarroba.com.ar\/index.php?rest_route=%2Fwp%2Fv2%2Fcomments&post=47"}],"version-history":[{"count":1,"href":"https:\/\/antesdelaarroba.com.ar\/index.php?rest_route=\/wp\/v2\/pages\/47\/revisions"}],"predecessor-version":[{"id":48,"href":"https:\/\/antesdelaarroba.com.ar\/index.php?rest_route=\/wp\/v2\/pages\/47\/revisions\/48"}],"up":[{"embeddable":true,"href":"https:\/\/antesdelaarroba.com.ar\/index.php?rest_route=\/wp\/v2\/pages\/57"}],"wp:attachment":[{"href":"https:\/\/antesdelaarroba.com.ar\/index.php?rest_route=%2Fwp%2Fv2%2Fmedia&parent=47"}],"curies":[{"name":"wp","href":"https:\/\/api.w.org\/{rel}","templated":true}]}}

<figure class="wp-block-embed-youtube wp-block-embed is-type-video is-provider-youtube wp-embed-aspect-16-9 wp-has-aspect-ratio"><div class="wp-block-embed__wrapper">
<iframe loading="lazy"  style="display: block; margin: 0px auto;"  id="_ytid_67159"  width="480" height="270"  data-origwidth="480" data-origheight="270"  data-relstop="1" src="https://www.youtube.com/embed/OudQSvRvwOE?enablejsapi=1&#038;list=PLrFdmal3QBuiS44AYc41U4KFmDnVxsFVY&#038;autoplay=0&#038;cc_load_policy=0&#038;cc_lang_pref=es&#038;iv_load_policy=1&#038;loop=0&#038;rel=0&#038;fs=1&#038;playsinline=0&#038;autohide=2&#038;theme=dark&#038;color=red&#038;controls=1&#038;disablekb=0&#038;" class="__youtube_prefs__  epyt-is-override  no-lazyload" title="YouTube player"  allow="fullscreen; accelerometer; autoplay; clipboard-write; encrypted-media; gyroscope; picture-in-picture; web-share" referrerpolicy="strict-origin-when-cross-origin" allowfullscreen data-no-lazy="1" data-skipgform_ajax_framebjll=""></iframe>
</div><figcaption>Juan Carlos Manoukian, editor del libro a través de CICCUS, inicia la presentación en la Feria del libro de Buenos Aires 2019</figcaption></figure>



<figure class="wp-block-embed-youtube wp-block-embed is-type-video is-provider-youtube wp-embed-aspect-16-9 wp-has-aspect-ratio"><div class="wp-block-embed__wrapper">
<iframe loading="lazy"  style="display: block; margin: 0px auto;"  id="_ytid_98877"  width="480" height="270"  data-origwidth="480" data-origheight="270"  data-relstop="1" src="https://www.youtube.com/embed/c5r-6YmqMhA?enablejsapi=1&#038;list=PLrFdmal3QBuiS44AYc41U4KFmDnVxsFVY&#038;autoplay=0&#038;cc_load_policy=0&#038;cc_lang_pref=es&#038;iv_load_policy=1&#038;loop=0&#038;rel=0&#038;fs=1&#038;playsinline=0&#038;autohide=2&#038;theme=dark&#038;color=red&#038;controls=1&#038;disablekb=0&#038;" class="__youtube_prefs__  epyt-is-override  no-lazyload" title="YouTube player"  allow="fullscreen; accelerometer; autoplay; clipboard-write; encrypted-media; gyroscope; picture-in-picture; web-share" referrerpolicy="strict-origin-when-cross-origin" allowfullscreen data-no-lazy="1" data-skipgform_ajax_framebjll=""></iframe>
</div><figcaption>El escritor de ciencia ficción David Zadunaisky brinda su opinión sobre el libro y su autor.</figcaption></figure>



<figure class="wp-block-embed-youtube wp-block-embed is-type-video is-provider-youtube wp-embed-aspect-16-9 wp-has-aspect-ratio"><div class="wp-block-embed__wrapper">
<iframe loading="lazy"  style="display: block; margin: 0px auto;"  id="_ytid_37988"  width="480" height="270"  data-origwidth="480" data-origheight="270"  data-relstop="1" src="https://www.youtube.com/embed/9TWfV2YjVI0?enablejsapi=1&#038;list=PLrFdmal3QBuiS44AYc41U4KFmDnVxsFVY&#038;autoplay=0&#038;cc_load_policy=0&#038;cc_lang_pref=es&#038;iv_load_policy=1&#038;loop=0&#038;rel=0&#038;fs=1&#038;playsinline=0&#038;autohide=2&#038;theme=dark&#038;color=red&#038;controls=1&#038;disablekb=0&#038;" class="__youtube_prefs__  epyt-is-override  no-lazyload" title="YouTube player"  allow="fullscreen; accelerometer; autoplay; clipboard-write; encrypted-media; gyroscope; picture-in-picture; web-share" referrerpolicy="strict-origin-when-cross-origin" allowfullscreen data-no-lazy="1" data-skipgform_ajax_framebjll=""></iframe>
</div><figcaption>El científico argentino Fernando Stefani suma algunos aspectos del contenido del libro a su visión sobre el futuro de la ciencia y la tecnología en la Argentina.</figcaption></figure>



<figure class="wp-block-embed-youtube wp-block-embed is-type-video is-provider-youtube wp-embed-aspect-16-9 wp-has-aspect-ratio"><div class="wp-block-embed__wrapper">
<iframe loading="lazy"  style="display: block; margin: 0px auto;"  id="_ytid_96580"  width="480" height="270"  data-origwidth="480" data-origheight="270"  data-relstop="1" src="https://www.youtube.com/embed/r4bzvh2jtCQ?enablejsapi=1&#038;list=PLrFdmal3QBuiS44AYc41U4KFmDnVxsFVY&#038;autoplay=0&#038;cc_load_policy=0&#038;cc_lang_pref=es&#038;iv_load_policy=1&#038;loop=0&#038;rel=0&#038;fs=1&#038;playsinline=0&#038;autohide=2&#038;theme=dark&#038;color=red&#038;controls=1&#038;disablekb=0&#038;" class="__youtube_prefs__  epyt-is-override  no-lazyload" title="YouTube player"  allow="fullscreen; accelerometer; autoplay; clipboard-write; encrypted-media; gyroscope; picture-in-picture; web-share" referrerpolicy="strict-origin-when-cross-origin" allowfullscreen data-no-lazy="1" data-skipgform_ajax_framebjll=""></iframe>
</div><figcaption>Finalmente, el autor de Antes de la Arroba Jorge Zaccagnini expone su visión sobre el futuro de la informática argentina y explica los principios rectores de la categoría conceptual denominada «Tecnología Conveniente».</figcaption></figure>



<p></p>
